{"id":693,"date":"2020-04-16T15:41:28","date_gmt":"2020-04-16T15:41:28","guid":{"rendered":"http:\/\/zsp14gliwice.pl\/sp28\/?page_id=693"},"modified":"2023-10-17T09:05:40","modified_gmt":"2023-10-17T09:05:40","slug":"logopeda","status":"publish","type":"page","link":"https:\/\/zsp14gliwice.pl\/sp28\/logopeda\/","title":{"rendered":"Logopeda"},"content":{"rendered":"<p><span style=\"color: #000000;\"><\/span><\/p>\r\n<p><span style=\"color: #000000;\">W szkole \u015bwiadczona jest pomoc logopedyczna dla dzieci z wadami wymowy. Praca odbywa si\u0119 w niewielkich grupach. Na zaj\u0119cia logopedyczne przyjmowani s\u0105 uczniowie na podstawie opinii Poradni Psychologiczno-Pedagogicznej lub zdiagnozowane przez szkolnego logoped\u0119. Zaj\u0119cia logopedyczne sk\u0142adaj\u0105 si\u0119 z dw\u00f3ch cz\u0119\u015bci: wst\u0119pnej oraz w\u0142a\u015bciwej. Cz\u0119\u015b\u0107 wst\u0119pna przygotowuje ucznia, jego aparat artykulacyjny do cz\u0119\u015bci w\u0142a\u015bciwej poprzez \u0107wiczenia oddechowe, g\u0142osowe, s\u0142uchowe oraz usprawniania narz\u0105d\u00f3w mowy. Podczas zaj\u0119\u0107 w\u0142a\u015bciwych nast\u0119puje wywo\u0142ywanie g\u0142osek, a nast\u0119pnie ich utrwalanie. Cz\u0119sto etap wywo\u0142ywania danej g\u0142oski jest bardzo d\u0142ugi. U jednego dziecka trwa kr\u00f3cej, u innego bardzo d\u0142ugo, nawet latami. Najtrudniejsz\u0105 g\u0142osk\u0105 do wywo\u0142ania jest g\u0142oska \u201er\u201d. Zdarzaj\u0105 si\u0119 przypadki, \u017ce nawet uczniowie klas starszych uczestnicz\u0105 w zaj\u0119ciach, ze wzgl\u0119du na niewywo\u0142an\u0105 g\u0142osk\u0119 \u201er\u201d. Podczas zaj\u0119\u0107 z logoped\u0105 uczniowie r\u00f3wnie\u017c pisz\u0105, czytaj\u0105, ucz\u0105 si\u0119 wypowiada\u0107 trudne s\u0142owa, opowiadaj\u0105, rozwijaj\u0105 mow\u0119. Zaj\u0119cia odbywaj\u0105 si\u0119 w sali logopedii na niskim parterze.<\/span><\/p>\r\n<p><span style=\"color: #000000;\">\r\n\r\n<\/span><\/p>\r\n<p>&nbsp;<\/p>\r\n<p><span style=\"color: #000000;\">\r\n\r\n<\/span><\/p>\r\n<p><span style=\"color: #000000;\">GODZINY PRACY LOGOPEDY SZKOLNEGO<\/span><\/p>\r\n<p>Poniedzia\u0142ek: 11.45-13.30<\/p>\r\n<p>Wtorek: 7.10-10.35 \/ 11.45-14.30<\/p>\r\n<p>\u015aroda: 10.45-15.20<\/p>\r\n<p>Czwartek: 8.55-10.35 \/ 11.45-15.20<\/p>\r\n<p>Pi\u0105tek 8.00-8.45 \/ 9.50-10.35<\/p>\r\n<p><span style=\"color: #000000;\"><\/span><\/p>","protected":false},"excerpt":{"rendered":"<p>W szkole \u015bwiadczona jest pomoc logopedyczna dla dzieci z wadami wymowy. Praca odbywa si\u0119 w niewielkich grupach. Na zaj\u0119cia logopedyczne przyjmowani s\u0105 uczniowie na podstawie opinii Poradni Psychologiczno-Pedagogicznej lub zdiagnozowane przez szkolnego logoped\u0119. Zaj\u0119cia logopedyczne sk\u0142adaj\u0105 si\u0119 z dw\u00f3ch cz\u0119\u015bci: wst\u0119pnej oraz w\u0142a\u015bciwej. Cz\u0119\u015b\u0107 wst\u0119pna przygotowuje ucznia, jego aparat artykulacyjny do cz\u0119\u015bci w\u0142a\u015bciwej poprzez \u0107wiczenia oddechowe, g\u0142osowe, s\u0142uchowe oraz usprawniania &#8230; <\/p>\n<div><a href=\"https:\/\/zsp14gliwice.pl\/sp28\/logopeda\/\" class=\"more-link\">Read More<\/a><\/div>\n","protected":false},"author":2,"featured_media":0,"parent":0,"menu_order":0,"comment_status":"closed","ping_status":"closed","template":"","meta":{"footnotes":""},"class_list":["post-693","page","type-page","status-publish","hentry","no-post-thumbnail"],"_links":{"self":[{"href":"https:\/\/zsp14gliwice.pl\/sp28\/wp-json\/wp\/v2\/pages\/693"}],"collection":[{"href":"https:\/\/zsp14gliwice.pl\/sp28\/wp-json\/wp\/v2\/pages"}],"about":[{"href":"https:\/\/zsp14gliwice.pl\/sp28\/wp-json\/wp\/v2\/types\/page"}],"author":[{"embeddable":true,"href":"https:\/\/zsp14gliwice.pl\/sp28\/wp-json\/wp\/v2\/users\/2"}],"replies":[{"embeddable":true,"href":"https:\/\/zsp14gliwice.pl\/sp28\/wp-json\/wp\/v2\/comments?post=693"}],"version-history":[{"count":6,"href":"https:\/\/zsp14gliwice.pl\/sp28\/wp-json\/wp\/v2\/pages\/693\/revisions"}],"predecessor-version":[{"id":4282,"href":"https:\/\/zsp14gliwice.pl\/sp28\/wp-json\/wp\/v2\/pages\/693\/revisions\/4282"}],"wp:attachment":[{"href":"https:\/\/zsp14gliwice.pl\/sp28\/wp-json\/wp\/v2\/media?parent=693"}],"curies":[{"name":"wp","href":"https:\/\/api.w.org\/{rel}","templated":true}]}}