{"id":662,"date":"2020-04-16T15:13:06","date_gmt":"2020-04-16T15:13:06","guid":{"rendered":"http:\/\/zsp14gliwice.pl\/sp28\/?page_id=662"},"modified":"2026-02-09T14:30:45","modified_gmt":"2026-02-09T14:30:45","slug":"klasa-dwujezyczna-7","status":"publish","type":"page","link":"https:\/\/zsp14gliwice.pl\/sp28\/klasa-dwujezyczna-7\/","title":{"rendered":"Klasa VII dwuj\u0119zyczna"},"content":{"rendered":"<h4 style=\"text-align: left;\"><span style=\"color: #000000;\">Terminy post\u0119powania rekrutacyjnego oraz post\u0119powania\u00a0 uzupe\u0142niaj\u0105cego, a tak\u017ce terminy sk\u0142adania <\/span><span style=\"color: #000000;\">dokument\u00f3w do klasy VII dwuj\u0119zycznej Rok Szkolny 2026\/2027<\/span><\/h4>\n<h4 style=\"text-align: left;\"><span style=\"color: #000000;\">Zarz\u0105dzenie Prezydenta Miasta<\/span><\/h4>\n<div id=\"attachment_5495\" style=\"width: 1056px\" class=\"wp-caption aligncenter\"><a href=\"https:\/\/zsp14gliwice.pl\/sp28\/wp-content\/uploads\/2026\/01\/Zarzadzenie-Prezydenta-Miasta-1.jpeg\"><img loading=\"lazy\" decoding=\"async\" aria-describedby=\"caption-attachment-5495\" class=\"size-full wp-image-5495\" title=\"Zarz\u0105dzenie Prezydenta Miasta\" src=\"https:\/\/zsp14gliwice.pl\/sp28\/wp-content\/uploads\/2026\/01\/Zarzadzenie-Prezydenta-Miasta-1.jpeg\" alt=\"Zarz\u0105dzenie Prezydenta Miasta\" width=\"1046\" height=\"1539\" srcset=\"https:\/\/zsp14gliwice.pl\/sp28\/wp-content\/uploads\/2026\/01\/Zarzadzenie-Prezydenta-Miasta-1.jpeg 1046w, https:\/\/zsp14gliwice.pl\/sp28\/wp-content\/uploads\/2026\/01\/Zarzadzenie-Prezydenta-Miasta-1-204x300.jpeg 204w, https:\/\/zsp14gliwice.pl\/sp28\/wp-content\/uploads\/2026\/01\/Zarzadzenie-Prezydenta-Miasta-1-696x1024.jpeg 696w, https:\/\/zsp14gliwice.pl\/sp28\/wp-content\/uploads\/2026\/01\/Zarzadzenie-Prezydenta-Miasta-1-768x1130.jpeg 768w, https:\/\/zsp14gliwice.pl\/sp28\/wp-content\/uploads\/2026\/01\/Zarzadzenie-Prezydenta-Miasta-1-1044x1536.jpeg 1044w, https:\/\/zsp14gliwice.pl\/sp28\/wp-content\/uploads\/2026\/01\/Zarzadzenie-Prezydenta-Miasta-1-100x147.jpeg 100w, https:\/\/zsp14gliwice.pl\/sp28\/wp-content\/uploads\/2026\/01\/Zarzadzenie-Prezydenta-Miasta-1-1043x1535.jpeg 1043w\" sizes=\"(max-width: 1046px) 100vw, 1046px\" \/><\/a><p id=\"caption-attachment-5495\" class=\"wp-caption-text\">Zarz\u0105dzenie Prezydenta Miasta<\/p><\/div>\n<h4 style=\"text-align: left;\"><span style=\"color: #000000;\">Terminy post\u0119powania rekrutacyjnego<\/span><\/h4>\n<div class=\"mceTemp\">\n<div id=\"attachment_5496\" style=\"width: 1060px\" class=\"wp-caption aligncenter\"><a href=\"https:\/\/zsp14gliwice.pl\/sp28\/wp-content\/uploads\/2026\/01\/Terminy-i-rekrutacja-do-dwujezycznej.jpeg\"><img loading=\"lazy\" decoding=\"async\" aria-describedby=\"caption-attachment-5496\" class=\"size-full wp-image-5496\" title=\"Terminy i rekrutacja do dwujezycznej\" src=\"https:\/\/zsp14gliwice.pl\/sp28\/wp-content\/uploads\/2026\/01\/Terminy-i-rekrutacja-do-dwujezycznej.jpeg\" alt=\"Terminy i rekrutacja do dwujezycznej\" width=\"1050\" height=\"1483\" srcset=\"https:\/\/zsp14gliwice.pl\/sp28\/wp-content\/uploads\/2026\/01\/Terminy-i-rekrutacja-do-dwujezycznej.jpeg 1050w, https:\/\/zsp14gliwice.pl\/sp28\/wp-content\/uploads\/2026\/01\/Terminy-i-rekrutacja-do-dwujezycznej-212x300.jpeg 212w, https:\/\/zsp14gliwice.pl\/sp28\/wp-content\/uploads\/2026\/01\/Terminy-i-rekrutacja-do-dwujezycznej-725x1024.jpeg 725w, https:\/\/zsp14gliwice.pl\/sp28\/wp-content\/uploads\/2026\/01\/Terminy-i-rekrutacja-do-dwujezycznej-768x1085.jpeg 768w, https:\/\/zsp14gliwice.pl\/sp28\/wp-content\/uploads\/2026\/01\/Terminy-i-rekrutacja-do-dwujezycznej-100x141.jpeg 100w, https:\/\/zsp14gliwice.pl\/sp28\/wp-content\/uploads\/2026\/01\/Terminy-i-rekrutacja-do-dwujezycznej-1043x1473.jpeg 1043w\" sizes=\"(max-width: 1050px) 100vw, 1050px\" \/><\/a><p id=\"caption-attachment-5496\" class=\"wp-caption-text\">Terminy i rekrutacja do dwuj\u0119zycznej<\/p><\/div>\n<h5><span style=\"color: #000000;\"><strong>Dokumenty do pobrania:<\/strong><\/span><\/h5>\n<\/div>\n<h5><span style=\"color: #ff0000;\"><a style=\"color: #ff0000;\" href=\"https:\/\/zsp14gliwice.pl\/sp28\/wp-content\/uploads\/2026\/02\/Wniosek-o-przyjecie-kandydata-do-klasy-VII-dwujezycznej.pdf\">Wniosek o przyj\u0119cie kandydata do klasy VII dwuj\u0119zycznej<\/a><\/span><\/h5>\n<h5><span style=\"color: #ff0000;\"><a style=\"color: #ff0000;\" href=\"https:\/\/zsp14gliwice.pl\/sp28\/wp-content\/uploads\/2026\/02\/Potwierdzenie-woli-klasa-VII-dwujezyczna.pdf\">Potwierdzenie woli klasa VII dwuj\u0119zyczna<\/a><\/span><\/h5>\n","protected":false},"excerpt":{"rendered":"<p>Terminy post\u0119powania rekrutacyjnego oraz post\u0119powania\u00a0 uzupe\u0142niaj\u0105cego, a tak\u017ce terminy sk\u0142adania dokument\u00f3w do klasy VII dwuj\u0119zycznej Rok Szkolny 2026\/2027 Zarz\u0105dzenie Prezydenta Miasta Terminy post\u0119powania rekrutacyjnego Dokumenty do pobrania: Wniosek o przyj\u0119cie kandydata do klasy VII dwuj\u0119zycznej Potwierdzenie woli klasa VII dwuj\u0119zyczna<\/p>\n","protected":false},"author":2,"featured_media":0,"parent":0,"menu_order":0,"comment_status":"closed","ping_status":"closed","template":"","meta":{"footnotes":""},"class_list":["post-662","page","type-page","status-publish","hentry","no-post-thumbnail"],"_links":{"self":[{"href":"https:\/\/zsp14gliwice.pl\/sp28\/wp-json\/wp\/v2\/pages\/662"}],"collection":[{"href":"https:\/\/zsp14gliwice.pl\/sp28\/wp-json\/wp\/v2\/pages"}],"about":[{"href":"https:\/\/zsp14gliwice.pl\/sp28\/wp-json\/wp\/v2\/types\/page"}],"author":[{"embeddable":true,"href":"https:\/\/zsp14gliwice.pl\/sp28\/wp-json\/wp\/v2\/users\/2"}],"replies":[{"embeddable":true,"href":"https:\/\/zsp14gliwice.pl\/sp28\/wp-json\/wp\/v2\/comments?post=662"}],"version-history":[{"count":34,"href":"https:\/\/zsp14gliwice.pl\/sp28\/wp-json\/wp\/v2\/pages\/662\/revisions"}],"predecessor-version":[{"id":5535,"href":"https:\/\/zsp14gliwice.pl\/sp28\/wp-json\/wp\/v2\/pages\/662\/revisions\/5535"}],"wp:attachment":[{"href":"https:\/\/zsp14gliwice.pl\/sp28\/wp-json\/wp\/v2\/media?parent=662"}],"curies":[{"name":"wp","href":"https:\/\/api.w.org\/{rel}","templated":true}]}}