{"id":171,"date":"2020-01-15T21:25:29","date_gmt":"2020-01-15T21:25:29","guid":{"rendered":"http:\/\/zsp14gliwice.pl\/sp28\/?page_id=171"},"modified":"2024-08-21T15:31:10","modified_gmt":"2024-08-21T15:31:10","slug":"dzwonki","status":"publish","type":"page","link":"https:\/\/zsp14gliwice.pl\/sp28\/dzwonki\/","title":{"rendered":"Dzwonki"},"content":{"rendered":"<div class=\"wpb-content-wrapper\">[vc_row][vc_column][vc_column_text]\n<table>\n<tbody>\n<tr>\n<th><span style=\"color: #000000;\">Lekcja<\/span><\/th>\n<th><span style=\"color: #000000;\">Czas<\/span><\/th>\n<th><span style=\"color: #000000;\">Przerwa<\/span><\/th>\n<\/tr>\n<tr>\n<td><span style=\"color: #000000;\">1<\/span><\/td>\n<td><span style=\"color: #000000;\">8.00 &#8211; 8.45<\/span><\/td>\n<td><span style=\"color: #000000;\">1 &#8211; 10 minut<\/span><\/td>\n<\/tr>\n<tr>\n<td><span style=\"color: #000000;\">2<\/span><\/td>\n<td><span style=\"color: #000000;\">8.55 &#8211; 9.40<\/span><\/td>\n<td><span style=\"color: #000000;\">2 &#8211; 10 minut<\/span><\/td>\n<\/tr>\n<tr>\n<td><span style=\"color: #000000;\">3<\/span><\/td>\n<td><span style=\"color: #000000;\">9.50 &#8211; 10.35<\/span><\/td>\n<td><span style=\"color: #000000;\">3 &#8211; 10 minut<\/span><\/td>\n<\/tr>\n<tr>\n<td><span style=\"color: #000000;\">4<\/span><\/td>\n<td><span style=\"color: #000000;\">10.45 &#8211; 11.30<\/span><\/td>\n<td><span style=\"color: #000000;\">4 &#8211; 15 minut<\/span><\/td>\n<\/tr>\n<tr>\n<td><span style=\"color: #000000;\">5<\/span><\/td>\n<td><span style=\"color: #000000;\">11.45 &#8211; 12.30<\/span><\/td>\n<td><span style=\"color: #000000;\">5 &#8211; 15 minut<\/span><\/td>\n<\/tr>\n<tr>\n<td><span style=\"color: #000000;\">6<\/span><\/td>\n<td><span style=\"color: #000000;\">12.45 &#8211; 13.30<\/span><\/td>\n<td><span style=\"color: #000000;\">6 &#8211; 15 minut<\/span><\/td>\n<\/tr>\n<tr>\n<td><span style=\"color: #000000;\">7<\/span><\/td>\n<td><span style=\"color: #000000;\">13.45 &#8211; 14.30<\/span><\/td>\n<td><span style=\"color: #000000;\">7 &#8211; 5 minut<\/span><\/td>\n<\/tr>\n<tr>\n<td><span style=\"color: #000000;\">8<\/span><\/td>\n<td><span style=\"color: #000000;\">14.35 &#8211; 15.20<\/span><\/td>\n<td><span style=\"color: #000000;\">8 &#8211; 5 minut<\/span><\/td>\n<\/tr>\n<tr>\n<td><span style=\"color: #000000;\">9<\/span><\/td>\n<td><span style=\"color: #000000;\">15.25 &#8211; 16.10<\/span><\/td>\n<td><span style=\"color: #000000;\">9 &#8211; 5 minut<\/span><\/td>\n<\/tr>\n<tr>\n<td><span style=\"color: #000000;\">10<\/span><\/td>\n<td><span style=\"color: #000000;\">16.15 &#8211; 17.00<\/span><\/td>\n<td><span style=\"color: #000000;\">10 &#8211; Zako\u0144czenie zaj\u0119\u0107<\/span><\/td>\n<\/tr>\n<\/tbody>\n<\/table>\n[\/vc_column_text][\/vc_column][\/vc_row]\n<\/div>","protected":false},"excerpt":{"rendered":"<p>[vc_row][vc_column][vc_column_text] Lekcja Czas Przerwa 1 8.00 &#8211; 8.45 1 &#8211; 10 minut 2 8.55 &#8211; 9.40 2 &#8211; 10 minut 3 9.50 &#8211; 10.35 3 &#8211; 10 minut 4 10.45 &#8211; 11.30 4 &#8211; 15 minut 5 11.45 &#8211; 12.30 5 &#8211; 15 minut 6 12.45 &#8211; 13.30 6 &#8211; 15 minut 7 13.45 &#8211; 14.30 7 &#8211; 5 minut &#8230; <\/p>\n<div><a href=\"https:\/\/zsp14gliwice.pl\/sp28\/dzwonki\/\" class=\"more-link\">Read More<\/a><\/div>\n","protected":false},"author":1,"featured_media":0,"parent":0,"menu_order":0,"comment_status":"closed","ping_status":"closed","template":"","meta":{"footnotes":""},"class_list":["post-171","page","type-page","status-publish","hentry","no-post-thumbnail"],"_links":{"self":[{"href":"https:\/\/zsp14gliwice.pl\/sp28\/wp-json\/wp\/v2\/pages\/171"}],"collection":[{"href":"https:\/\/zsp14gliwice.pl\/sp28\/wp-json\/wp\/v2\/pages"}],"about":[{"href":"https:\/\/zsp14gliwice.pl\/sp28\/wp-json\/wp\/v2\/types\/page"}],"author":[{"embeddable":true,"href":"https:\/\/zsp14gliwice.pl\/sp28\/wp-json\/wp\/v2\/users\/1"}],"replies":[{"embeddable":true,"href":"https:\/\/zsp14gliwice.pl\/sp28\/wp-json\/wp\/v2\/comments?post=171"}],"version-history":[{"count":7,"href":"https:\/\/zsp14gliwice.pl\/sp28\/wp-json\/wp\/v2\/pages\/171\/revisions"}],"predecessor-version":[{"id":4683,"href":"https:\/\/zsp14gliwice.pl\/sp28\/wp-json\/wp\/v2\/pages\/171\/revisions\/4683"}],"wp:attachment":[{"href":"https:\/\/zsp14gliwice.pl\/sp28\/wp-json\/wp\/v2\/media?parent=171"}],"curies":[{"name":"wp","href":"https:\/\/api.w.org\/{rel}","templated":true}]}}