{"id":1159,"date":"2020-08-28T07:49:48","date_gmt":"2020-08-28T07:49:48","guid":{"rendered":"http:\/\/zsp14gliwice.pl\/sp28\/?page_id=1159"},"modified":"2026-04-11T10:47:50","modified_gmt":"2026-04-11T10:47:50","slug":"jadlospis","status":"publish","type":"page","link":"https:\/\/zsp14gliwice.pl\/sp28\/jadlospis\/","title":{"rendered":"Jad\u0142ospis"},"content":{"rendered":"<h4 style=\"text-align: center;\"><span style=\"color: #ff0000;\"><strong><a style=\"color: #ff0000;\" href=\"https:\/\/zsp14gliwice.pl\/sp28\/wp-content\/uploads\/2026\/03\/Harmonogram-obiadow-2025.2026.pdf\">Harmonogram obiad\u00f3w 2025.2026<\/a><\/strong><\/span><\/h4>\n<h4 style=\"text-align: center;\"><span style=\"color: #008000;\"><strong>Jad\u0142ospis dla szko\u0142y na okres: 13.04.2026 &#8211; 17.04.2026<\/strong><\/span><\/h4>\n<div id=\"attachment_5552\" style=\"width: 1597px\" class=\"wp-caption aligncenter\"><a href=\"https:\/\/zsp14gliwice.pl\/sp28\/wp-content\/uploads\/2026\/03\/Tydzien-I.jpg\"><img loading=\"lazy\" decoding=\"async\" aria-describedby=\"caption-attachment-5552\" class=\"size-full wp-image-5552\" title=\"Tydzie\u0144 I\" src=\"https:\/\/zsp14gliwice.pl\/sp28\/wp-content\/uploads\/2026\/03\/Tydzien-I.jpg\" alt=\"Tydzie\u0144 I\" width=\"1587\" height=\"2245\" srcset=\"https:\/\/zsp14gliwice.pl\/sp28\/wp-content\/uploads\/2026\/03\/Tydzien-I.jpg 1587w, https:\/\/zsp14gliwice.pl\/sp28\/wp-content\/uploads\/2026\/03\/Tydzien-I-212x300.jpg 212w, https:\/\/zsp14gliwice.pl\/sp28\/wp-content\/uploads\/2026\/03\/Tydzien-I-724x1024.jpg 724w, https:\/\/zsp14gliwice.pl\/sp28\/wp-content\/uploads\/2026\/03\/Tydzien-I-768x1086.jpg 768w, https:\/\/zsp14gliwice.pl\/sp28\/wp-content\/uploads\/2026\/03\/Tydzien-I-1086x1536.jpg 1086w, https:\/\/zsp14gliwice.pl\/sp28\/wp-content\/uploads\/2026\/03\/Tydzien-I-1448x2048.jpg 1448w, https:\/\/zsp14gliwice.pl\/sp28\/wp-content\/uploads\/2026\/03\/Tydzien-I-100x141.jpg 100w, https:\/\/zsp14gliwice.pl\/sp28\/wp-content\/uploads\/2026\/03\/Tydzien-I-1043x1475.jpg 1043w, https:\/\/zsp14gliwice.pl\/sp28\/wp-content\/uploads\/2026\/03\/Tydzien-I-1500x2122.jpg 1500w\" sizes=\"(max-width: 1587px) 100vw, 1587px\" \/><\/a><p id=\"caption-attachment-5552\" class=\"wp-caption-text\">Tydzie\u0144 I<\/p><\/div>\n","protected":false},"excerpt":{"rendered":"<p>Harmonogram obiad\u00f3w 2025.2026 Jad\u0142ospis dla szko\u0142y na okres: 13.04.2026 &#8211; 17.04.2026<\/p>\n","protected":false},"author":1,"featured_media":0,"parent":0,"menu_order":0,"comment_status":"closed","ping_status":"closed","template":"","meta":{"footnotes":""},"class_list":["post-1159","page","type-page","status-publish","hentry","no-post-thumbnail"],"_links":{"self":[{"href":"https:\/\/zsp14gliwice.pl\/sp28\/wp-json\/wp\/v2\/pages\/1159"}],"collection":[{"href":"https:\/\/zsp14gliwice.pl\/sp28\/wp-json\/wp\/v2\/pages"}],"about":[{"href":"https:\/\/zsp14gliwice.pl\/sp28\/wp-json\/wp\/v2\/types\/page"}],"author":[{"embeddable":true,"href":"https:\/\/zsp14gliwice.pl\/sp28\/wp-json\/wp\/v2\/users\/1"}],"replies":[{"embeddable":true,"href":"https:\/\/zsp14gliwice.pl\/sp28\/wp-json\/wp\/v2\/comments?post=1159"}],"version-history":[{"count":211,"href":"https:\/\/zsp14gliwice.pl\/sp28\/wp-json\/wp\/v2\/pages\/1159\/revisions"}],"predecessor-version":[{"id":5570,"href":"https:\/\/zsp14gliwice.pl\/sp28\/wp-json\/wp\/v2\/pages\/1159\/revisions\/5570"}],"wp:attachment":[{"href":"https:\/\/zsp14gliwice.pl\/sp28\/wp-json\/wp\/v2\/media?parent=1159"}],"curies":[{"name":"wp","href":"https:\/\/api.w.org\/{rel}","templated":true}]}}