{"id":1116,"date":"2020-08-26T13:03:52","date_gmt":"2020-08-26T13:03:52","guid":{"rendered":"http:\/\/zsp14gliwice.pl\/sp28\/?page_id=1116"},"modified":"2026-01-22T07:22:02","modified_gmt":"2026-01-22T07:22:02","slug":"stolowka","status":"publish","type":"page","link":"https:\/\/zsp14gliwice.pl\/sp28\/stolowka\/","title":{"rendered":"Sto\u0142\u00f3wka"},"content":{"rendered":"<h5><span style=\"color: #000000;\">Szko\u0142a Podstawowa nr 28 w Zespole Szkolno-Przedszkolnym nr 14 w Gliwicach informuje, \u017ce z dniem 09.09.2024 r. rozpoczyna si\u0119 \u017cywienie dzieci w sto\u0142\u00f3wce szkolnej.\u00a0<\/span><span style=\"color: #0000ff;\"><br \/>\n<span style=\"color: #000000;\">nr konta do wp\u0142at: <span style=\"color: #ff0000;\"><strong>37 1160 2202 0000 0005 0869 8790<\/strong><\/span><\/span><\/span><\/h5>\n<h5><span style=\"color: #000000;\">Dyrekcja Szko\u0142y<\/span><\/h5>\n<div class=\"entry-content content\">\n<h5><span style=\"color: #ff0000;\"><a style=\"color: #ff0000;\" href=\"https:\/\/zsp14gliwice.pl\/sp28\/wp-content\/uploads\/2026\/01\/ZSP14-Regulamin-stolowki.pdf\">ZSP14 Regulamin sto\u0142\u00f3wki<\/a><\/span><\/h5>\n<h5><span style=\"color: #ff0000;\"><a style=\"color: #ff0000;\" href=\"https:\/\/zsp14gliwice.pl\/sp28\/wp-content\/uploads\/2026\/01\/Karta-zgloszeniowa-na-Obiady-w-SP-28-w-Roku-Szkolnym-2025.2026.pdf\">Karta zg\u0142oszeniowa na Obiady w SP 28 w Roku Szkolnym 2025.2026<\/a><\/span><\/h5>\n<h5><span style=\"color: #ff0000;\"><a style=\"color: #ff0000;\" href=\"https:\/\/zsp14gliwice.pl\/sp28\/wp-content\/uploads\/2023\/10\/Rezygnacja.pdf\">Rezygnacja<\/a><\/span><\/h5>\n<h5><\/h5>\n<p>&nbsp;<\/p>\n<\/div>\n","protected":false},"excerpt":{"rendered":"<p>Szko\u0142a Podstawowa nr 28 w Zespole Szkolno-Przedszkolnym nr 14 w Gliwicach informuje, \u017ce z dniem 09.09.2024 r. rozpoczyna si\u0119 \u017cywienie dzieci w sto\u0142\u00f3wce szkolnej.\u00a0 nr konta do wp\u0142at: 37 1160 2202 0000 0005 0869 8790 Dyrekcja Szko\u0142y ZSP14 Regulamin sto\u0142\u00f3wki Karta zg\u0142oszeniowa na Obiady w SP 28 w Roku Szkolnym 2025.2026 Rezygnacja &nbsp;<\/p>\n","protected":false},"author":2,"featured_media":0,"parent":0,"menu_order":0,"comment_status":"closed","ping_status":"closed","template":"","meta":{"footnotes":""},"class_list":["post-1116","page","type-page","status-publish","hentry","no-post-thumbnail"],"_links":{"self":[{"href":"https:\/\/zsp14gliwice.pl\/sp28\/wp-json\/wp\/v2\/pages\/1116"}],"collection":[{"href":"https:\/\/zsp14gliwice.pl\/sp28\/wp-json\/wp\/v2\/pages"}],"about":[{"href":"https:\/\/zsp14gliwice.pl\/sp28\/wp-json\/wp\/v2\/types\/page"}],"author":[{"embeddable":true,"href":"https:\/\/zsp14gliwice.pl\/sp28\/wp-json\/wp\/v2\/users\/2"}],"replies":[{"embeddable":true,"href":"https:\/\/zsp14gliwice.pl\/sp28\/wp-json\/wp\/v2\/comments?post=1116"}],"version-history":[{"count":31,"href":"https:\/\/zsp14gliwice.pl\/sp28\/wp-json\/wp\/v2\/pages\/1116\/revisions"}],"predecessor-version":[{"id":5432,"href":"https:\/\/zsp14gliwice.pl\/sp28\/wp-json\/wp\/v2\/pages\/1116\/revisions\/5432"}],"wp:attachment":[{"href":"https:\/\/zsp14gliwice.pl\/sp28\/wp-json\/wp\/v2\/media?parent=1116"}],"curies":[{"name":"wp","href":"https:\/\/api.w.org\/{rel}","templated":true}]}}