{"id":420,"date":"2020-12-06T20:47:30","date_gmt":"2020-12-06T19:47:30","guid":{"rendered":"http:\/\/zsp14gliwice.pl\/pm40\/?page_id=420"},"modified":"2023-09-15T09:34:08","modified_gmt":"2023-09-15T07:34:08","slug":"sowki-2","status":"publish","type":"page","link":"https:\/\/zsp14gliwice.pl\/pm40\/sowki-2\/","title":{"rendered":"S\u00f3wki"},"content":{"rendered":"<section class=\"wpb-content-wrapper\">[vc_row full_width=&#8221;stretch_row_content_no_spaces&#8221;][vc_column][vc_single_image image=&#8221;128&#8243; img_size=&#8221;full&#8221; alignment=&#8221;center&#8221;][\/vc_column][\/vc_row][vc_row equal_height=&#8221;yes&#8221; content_placement=&#8221;middle&#8221;][vc_column width=&#8221;1\/2&#8243; css=&#8221;.vc_custom_1607274169052{padding-top: 50px !important;padding-right: 10% !important;padding-bottom: 50px !important;padding-left: 10% !important;}&#8221;][vc_column_text]\n<h1 style=\"text-align: center;\">S\u00f3wki<\/h1>\n[\/vc_column_text][vc_column_text]<span style=\"font-weight: 400;\">&#8222;S\u00f3wki&#8221; to grupa dzieci 4-letnich. Grupa pracuje w oparciu o program wychowania przedszkolnego &#8222;Samodzielne, wszechstronne, szcz\u0119\u015bliwe&#8221; realizuj\u0105c tre\u015bci podstawy programowej. W pracy z grup\u0105 wykorzystywane s\u0105 elementy pedagogiki\u00a0Marii Montessori oraz Metoda Ruchu Rozwijaj\u0105cego W. Sherborne. Zaj\u0119cia dodatkowe realizowane w grupie to j\u0119zyk angielski, zaj\u0119cia umuzykalniaj\u0105ce oraz <\/span><span style=\"font-weight: 400;\">og\u00f3lnorozwojowe z pi\u0142k\u0105<\/span><span style=\"font-weight: 400;\">. Ponadto w grupie &#8222;S\u00f3wki&#8221; realizowany jest projekt dydaktyczny &#8222;Witaminki&#8221; pod patronatem Bli\u017cej Przedszkola promuj\u0105cy zdrowe nawyki \u017cywieniowe. W naszej grupie stawiamy na rozw\u00f3j samodzielno\u015bci i kompetencji spo\u0142ecznych. Nabywamy umiej\u0119tno\u015bci pracy w zespole oraz rozwi\u0105zywania konflikt\u00f3w w duchu poszanowania dla drugiej osoby. Pomimo du\u017cej r\u00f3\u017cnorodno\u015bci charakter\u00f3w uczymy si\u0119 akceptacji ka\u017cdej jednostki i staramy si\u0119 tworzy\u0107 radosn\u0105 i mi\u0142\u0105 atmosfer\u0119 tak, aby ka\u017cde dziecko czu\u0142o si\u0119 tu szcz\u0119\u015bliwe.\u00a0S\u00f3wki ch\u0119tnie bior\u0105 udzia\u0142 w r\u00f3\u017cnego rodzaju zaj\u0119ciach i warsztatach, s\u0105 ciekawe \u015bwiata, uwielbiaj\u0105 gry i zabawy na placu przedszkolnym, a tak\u017ce rysowanie, kolorowanie i zabawy manualne.<\/span>[\/vc_column_text][\/vc_column][vc_column width=&#8221;1\/2&#8243; css=&#8221;.vc_custom_1607275251720{padding-top: 50px !important;padding-right: 10% !important;padding-bottom: 50px !important;padding-left: 10% !important;}&#8221;][vc_single_image image=&#8221;1987&#8243; img_size=&#8221;full&#8221; alignment=&#8221;center&#8221;][\/vc_column][\/vc_row][vc_row full_width=&#8221;stretch_row_content_no_spaces&#8221; el_class=&#8221;kkRow&#8221;][vc_column][vc_single_image image=&#8221;222&#8243; img_size=&#8221;full&#8221; alignment=&#8221;center&#8221;][\/vc_column][\/vc_row]\n<\/section>","protected":false},"excerpt":{"rendered":"<p>[vc_row full_width=&#8221;stretch_row_content_no_spaces&#8221;][vc_column][vc_single_image image=&#8221;128&#8243; img_size=&#8221;full&#8221; alignment=&#8221;center&#8221;][\/vc_column][\/vc_row][vc_row equal_height=&#8221;yes&#8221; content_placement=&#8221;middle&#8221;][vc_column width=&#8221;1\/2&#8243; css=&#8221;.vc_custom_1607274169052{padding-top: 50px !important;padding-right: 10% !important;padding-bottom: 50px !important;padding-left: 10% !important;}&#8221;][vc_column_text] S\u00f3wki [\/vc_column_text][vc_column_text]&#8222;S\u00f3wki&#8221; to grupa dzieci 4-letnich. Grupa pracuje w oparciu o program wychowania przedszkolnego &#8222;Samodzielne, wszechstronne, szcz\u0119\u015bliwe&#8221; realizuj\u0105c tre\u015bci podstawy programowej. W pracy z grup\u0105 wykorzystywane s\u0105 elementy pedagogiki\u00a0Marii Montessori oraz Metoda Ruchu Rozwijaj\u0105cego W. Sherborne. Zaj\u0119cia dodatkowe realizowane w grupie to j\u0119zyk &#8230; <\/p>\n<div><a href=\"https:\/\/zsp14gliwice.pl\/pm40\/sowki-2\/\" class=\"more-link\">Read More<\/a><\/div>\n","protected":false},"author":1,"featured_media":0,"parent":0,"menu_order":0,"comment_status":"closed","ping_status":"closed","template":"template-blank-4.php","meta":{"footnotes":""},"_links":{"self":[{"href":"https:\/\/zsp14gliwice.pl\/pm40\/wp-json\/wp\/v2\/pages\/420"}],"collection":[{"href":"https:\/\/zsp14gliwice.pl\/pm40\/wp-json\/wp\/v2\/pages"}],"about":[{"href":"https:\/\/zsp14gliwice.pl\/pm40\/wp-json\/wp\/v2\/types\/page"}],"author":[{"embeddable":true,"href":"https:\/\/zsp14gliwice.pl\/pm40\/wp-json\/wp\/v2\/users\/1"}],"replies":[{"embeddable":true,"href":"https:\/\/zsp14gliwice.pl\/pm40\/wp-json\/wp\/v2\/comments?post=420"}],"version-history":[{"count":6,"href":"https:\/\/zsp14gliwice.pl\/pm40\/wp-json\/wp\/v2\/pages\/420\/revisions"}],"predecessor-version":[{"id":2004,"href":"https:\/\/zsp14gliwice.pl\/pm40\/wp-json\/wp\/v2\/pages\/420\/revisions\/2004"}],"wp:attachment":[{"href":"https:\/\/zsp14gliwice.pl\/pm40\/wp-json\/wp\/v2\/media?parent=420"}],"curies":[{"name":"wp","href":"https:\/\/api.w.org\/{rel}","templated":true}]}}