{"id":1544,"date":"2022-09-12T12:54:51","date_gmt":"2022-09-12T10:54:51","guid":{"rendered":"https:\/\/zsp14gliwice.pl\/pm40\/?page_id=1544"},"modified":"2024-09-18T11:33:36","modified_gmt":"2024-09-18T09:33:36","slug":"komety-2","status":"publish","type":"page","link":"https:\/\/zsp14gliwice.pl\/pm40\/komety-2\/","title":{"rendered":"Komety"},"content":{"rendered":"<section class=\"wpb-content-wrapper\">[vc_row full_width=&#8221;stretch_row_content_no_spaces&#8221;][vc_column][vc_single_image image=&#8221;128&#8243; img_size=&#8221;full&#8221; alignment=&#8221;center&#8221;][\/vc_column][\/vc_row][vc_row equal_height=&#8221;yes&#8221; content_placement=&#8221;middle&#8221;][vc_column width=&#8221;1\/2&#8243; css=&#8221;.vc_custom_1607274169052{padding-top: 50px !important;padding-right: 10% !important;padding-bottom: 50px !important;padding-left: 10% !important;}&#8221;][vc_column_text]\n<h1 style=\"text-align: center;\">Komety<\/h1>\n[\/vc_column_text][vc_column_text]\n<p style=\"text-align: center;\"><strong>,, Komety\u2019\u2019 to grupa integracyjna. Ucz\u0119szczaj\u0105\u00a0 do niej dzieci 3 i 6 letnie.Grupa pracuje w oparciu o metod\u0119 M. Montessori. Realizujemy projekt\u00a0 edukacyjny,, Wsp\u00f3\u0142praca i wsp\u00f3lna zabawa to dobrych relacji podstawa\u2019\u2019.,, Komety\u2019\u2019 ch\u0119tnie anga\u017cuj\u0105 si\u0119 w r\u00f3\u017cne rodzaje aktywno\u015bci i s\u0105 zainteresowane otaczaj\u0105cym \u015bwiatem. Zaj\u0119cia dodatkowe realizowane w grupie to: j\u0119zyk angielski, zaj\u0119cia umuzykalniaj\u0105ce, dla dzieci starszych judo, zaj\u0119cia og\u00f3lnorozwojowe z pi\u0142k\u0105.<\/strong><\/p>\n[\/vc_column_text][\/vc_column][vc_column width=&#8221;1\/2&#8243; css=&#8221;.vc_custom_1607275251720{padding-top: 50px !important;padding-right: 10% !important;padding-bottom: 50px !important;padding-left: 10% !important;}&#8221;][\/vc_column][\/vc_row][vc_row full_width=&#8221;stretch_row_content_no_spaces&#8221; el_class=&#8221;kkRow&#8221;][vc_column][vc_single_image image=&#8221;222&#8243; img_size=&#8221;full&#8221; alignment=&#8221;center&#8221;][\/vc_column][\/vc_row]\n<\/section>","protected":false},"excerpt":{"rendered":"<p>[vc_row full_width=&#8221;stretch_row_content_no_spaces&#8221;][vc_column][vc_single_image image=&#8221;128&#8243; img_size=&#8221;full&#8221; alignment=&#8221;center&#8221;][\/vc_column][\/vc_row][vc_row equal_height=&#8221;yes&#8221; content_placement=&#8221;middle&#8221;][vc_column width=&#8221;1\/2&#8243; css=&#8221;.vc_custom_1607274169052{padding-top: 50px !important;padding-right: 10% !important;padding-bottom: 50px !important;padding-left: 10% !important;}&#8221;][vc_column_text] Komety [\/vc_column_text][vc_column_text] ,, Komety\u2019\u2019 to grupa integracyjna. Ucz\u0119szczaj\u0105\u00a0 do niej dzieci 3 i 6 letnie.Grupa pracuje w oparciu o metod\u0119 M. Montessori. Realizujemy projekt\u00a0 edukacyjny,, Wsp\u00f3\u0142praca i wsp\u00f3lna zabawa to dobrych relacji podstawa\u2019\u2019.,, Komety\u2019\u2019 ch\u0119tnie anga\u017cuj\u0105 si\u0119 w r\u00f3\u017cne rodzaje aktywno\u015bci i s\u0105 &#8230; <\/p>\n<div><a href=\"https:\/\/zsp14gliwice.pl\/pm40\/komety-2\/\" class=\"more-link\">Read More<\/a><\/div>\n","protected":false},"author":1,"featured_media":0,"parent":0,"menu_order":0,"comment_status":"closed","ping_status":"closed","template":"template-blank-4.php","meta":{"footnotes":""},"_links":{"self":[{"href":"https:\/\/zsp14gliwice.pl\/pm40\/wp-json\/wp\/v2\/pages\/1544"}],"collection":[{"href":"https:\/\/zsp14gliwice.pl\/pm40\/wp-json\/wp\/v2\/pages"}],"about":[{"href":"https:\/\/zsp14gliwice.pl\/pm40\/wp-json\/wp\/v2\/types\/page"}],"author":[{"embeddable":true,"href":"https:\/\/zsp14gliwice.pl\/pm40\/wp-json\/wp\/v2\/users\/1"}],"replies":[{"embeddable":true,"href":"https:\/\/zsp14gliwice.pl\/pm40\/wp-json\/wp\/v2\/comments?post=1544"}],"version-history":[{"count":9,"href":"https:\/\/zsp14gliwice.pl\/pm40\/wp-json\/wp\/v2\/pages\/1544\/revisions"}],"predecessor-version":[{"id":2506,"href":"https:\/\/zsp14gliwice.pl\/pm40\/wp-json\/wp\/v2\/pages\/1544\/revisions\/2506"}],"wp:attachment":[{"href":"https:\/\/zsp14gliwice.pl\/pm40\/wp-json\/wp\/v2\/media?parent=1544"}],"curies":[{"name":"wp","href":"https:\/\/api.w.org\/{rel}","templated":true}]}}