{"id":1034,"date":"2021-09-16T14:04:50","date_gmt":"2021-09-16T12:04:50","guid":{"rendered":"http:\/\/zsp14gliwice.pl\/pm40\/?page_id=1034"},"modified":"2021-09-16T14:04:50","modified_gmt":"2021-09-16T12:04:50","slug":"jezyki","status":"publish","type":"page","link":"https:\/\/zsp14gliwice.pl\/pm40\/jezyki\/","title":{"rendered":"Je\u017cyki"},"content":{"rendered":"<section class=\"wpb-content-wrapper\">[vc_row full_width=&#8221;stretch_row_content_no_spaces&#8221;][vc_column][vc_single_image image=&#8221;128&#8243; img_size=&#8221;full&#8221; alignment=&#8221;center&#8221;][\/vc_column][\/vc_row][vc_row equal_height=&#8221;yes&#8221; content_placement=&#8221;middle&#8221;][vc_column width=&#8221;1\/2&#8243; css=&#8221;.vc_custom_1607274169052{padding-top: 50px !important;padding-right: 10% !important;padding-bottom: 50px !important;padding-left: 10% !important;}&#8221;][vc_column_text]\n<h1 style=\"text-align: center;\">JE\u017bYKI<\/h1>\n[\/vc_column_text][vc_column_text]Grupa &#8222;Je\u017cyki&#8221; to grupa 3 -latk\u00f3w.To weso\u0142e i ciekawe \u015bwiata przedszkolaki.<br \/>\nPodstaw\u0119 Programow\u0105 Wychowania Przedszkolnego realizujemy w oparciu o program &#8222;Dar Zabawy&#8221;, pod\u0105\u017caj\u0105c tym samym za nurtem pedagogiki freblowskiej.<\/p>\n<p>W grupie prowadzona jest innowacja &#8222;Dzieci\u0119cy Ogr\u00f3d Mo\u017cliwo\u015bci&#8221; &#8211; wspieraj\u0105ca rozw\u00f3j dzieci, w tym kreatywno\u015bci i umiej\u0119tno\u015bci matematycznych oraz projekt: &#8222;Mali-Wielcy Arty\u015bci&#8221; &#8211; ukierunkowany na rozw\u00f3j wra\u017cliwo\u015bci estetycznej oraz umiej\u0119tno\u015bci grafomotorycznych dzieci.<\/p>\n<p>Rozw\u00f3j dzieci wspierany jest tak\u017ce poprzez wprowadzanie do zaj\u0119\u0107 edukacyjnych takich metod jak: Metoda Ruchu Rozwijaj\u0105cego, Metoda Aktywnego S\u0142uchania Muzyki, Metoda C. Orff`a, Metoda E.J. Delacroce`a, Metoda Dobrego Startu, Grow with Play, a tak\u017ce elementy Logorytmiki i Muzykoterapii. Zaj\u0119cia dodatkowe to j\u0119zyk angielski i zaj\u0119cia umuzykalniaj\u0105ce. Je\u017cyki to pe\u0142na ciekawo\u015bci i rado\u015bci grupa dzieci i wychowawc\u00f3w, kt\u00f3ra wyrusza wsp\u00f3lnie w drog\u0119 ku odkrywaniu \u015bwiata i jego tajemnic.[\/vc_column_text][\/vc_column][vc_column width=&#8221;1\/2&#8243; css=&#8221;.vc_custom_1607275251720{padding-top: 50px !important;padding-right: 10% !important;padding-bottom: 50px !important;padding-left: 10% !important;}&#8221;][vc_single_image image=&#8221;1033&#8243; img_size=&#8221;full&#8221; alignment=&#8221;center&#8221;][\/vc_column][\/vc_row][vc_row full_width=&#8221;stretch_row_content_no_spaces&#8221; el_class=&#8221;kkRow&#8221;][vc_column][vc_single_image image=&#8221;222&#8243; img_size=&#8221;full&#8221; alignment=&#8221;center&#8221;][\/vc_column][\/vc_row]\n<\/section>","protected":false},"excerpt":{"rendered":"<p>[vc_row full_width=&#8221;stretch_row_content_no_spaces&#8221;][vc_column][vc_single_image image=&#8221;128&#8243; img_size=&#8221;full&#8221; alignment=&#8221;center&#8221;][\/vc_column][\/vc_row][vc_row equal_height=&#8221;yes&#8221; content_placement=&#8221;middle&#8221;][vc_column width=&#8221;1\/2&#8243; css=&#8221;.vc_custom_1607274169052{padding-top: 50px !important;padding-right: 10% !important;padding-bottom: 50px !important;padding-left: 10% !important;}&#8221;][vc_column_text] JE\u017bYKI [\/vc_column_text][vc_column_text]Grupa &#8222;Je\u017cyki&#8221; to grupa 3 -latk\u00f3w.To weso\u0142e i ciekawe \u015bwiata przedszkolaki. Podstaw\u0119 Programow\u0105 Wychowania Przedszkolnego realizujemy w oparciu o program &#8222;Dar Zabawy&#8221;, pod\u0105\u017caj\u0105c tym samym za nurtem pedagogiki freblowskiej. W grupie prowadzona jest innowacja &#8222;Dzieci\u0119cy Ogr\u00f3d Mo\u017cliwo\u015bci&#8221; &#8211; wspieraj\u0105ca rozw\u00f3j dzieci, w &#8230; <\/p>\n<div><a href=\"https:\/\/zsp14gliwice.pl\/pm40\/jezyki\/\" class=\"more-link\">Read More<\/a><\/div>\n","protected":false},"author":1,"featured_media":0,"parent":0,"menu_order":0,"comment_status":"closed","ping_status":"closed","template":"template-blank-4.php","meta":{"footnotes":""},"_links":{"self":[{"href":"https:\/\/zsp14gliwice.pl\/pm40\/wp-json\/wp\/v2\/pages\/1034"}],"collection":[{"href":"https:\/\/zsp14gliwice.pl\/pm40\/wp-json\/wp\/v2\/pages"}],"about":[{"href":"https:\/\/zsp14gliwice.pl\/pm40\/wp-json\/wp\/v2\/types\/page"}],"author":[{"embeddable":true,"href":"https:\/\/zsp14gliwice.pl\/pm40\/wp-json\/wp\/v2\/users\/1"}],"replies":[{"embeddable":true,"href":"https:\/\/zsp14gliwice.pl\/pm40\/wp-json\/wp\/v2\/comments?post=1034"}],"version-history":[{"count":1,"href":"https:\/\/zsp14gliwice.pl\/pm40\/wp-json\/wp\/v2\/pages\/1034\/revisions"}],"predecessor-version":[{"id":1035,"href":"https:\/\/zsp14gliwice.pl\/pm40\/wp-json\/wp\/v2\/pages\/1034\/revisions\/1035"}],"wp:attachment":[{"href":"https:\/\/zsp14gliwice.pl\/pm40\/wp-json\/wp\/v2\/media?parent=1034"}],"curies":[{"name":"wp","href":"https:\/\/api.w.org\/{rel}","templated":true}]}}