{"id":1013,"date":"2021-09-16T13:39:36","date_gmt":"2021-09-16T11:39:36","guid":{"rendered":"http:\/\/zsp14gliwice.pl\/pm40\/?page_id=1013"},"modified":"2021-09-16T13:39:36","modified_gmt":"2021-09-16T11:39:36","slug":"wiewiorki","status":"publish","type":"page","link":"https:\/\/zsp14gliwice.pl\/pm40\/wiewiorki\/","title":{"rendered":"Wiewi\u00f3rki"},"content":{"rendered":"<section class=\"wpb-content-wrapper\">[vc_row full_width=&#8221;stretch_row_content_no_spaces&#8221;][vc_column][vc_single_image image=&#8221;128&#8243; img_size=&#8221;full&#8221; alignment=&#8221;center&#8221;][\/vc_column][\/vc_row][vc_row equal_height=&#8221;yes&#8221; content_placement=&#8221;middle&#8221;][vc_column width=&#8221;1\/2&#8243; css=&#8221;.vc_custom_1607274169052{padding-top: 50px !important;padding-right: 10% !important;padding-bottom: 50px !important;padding-left: 10% !important;}&#8221;][vc_column_text]\n<h1 style=\"text-align: center;\">WIEWI\u00d3RKI<\/h1>\n[\/vc_column_text][vc_column_text]\u201eWiewi\u00f3rki\u201d to grupa integracyjna 4,-5 latk\u00f3w. Grupa pracuje w oparciu o program wychowania przedszkolnego \u201eZbieram, badam, poszukuje\u201d, autorstwa Doroty Dziamskiej i Marzeny Buchnat. Jest to grupa le\u015bna, kt\u00f3ra du\u017cy nacisk k\u0142adzie na uwra\u017cliwienie na pi\u0119kno przyrody. W grupie realizowane s\u0105 projekty: \u201eZ lasem za pan brat\u201d, \u201eProjektujemy sobie edukacj\u0119\u201d, \u201ePrzedszkolaki z pasj\u0105\u201d. Realizowana jest tak\u017ce innowacja pedagogiczna pt. \u201eZaj\u0119cia og\u00f3lnorozwojowe z elementami sztuk i sport\u00f3w walki\u201d. Dzieci bior\u0105 udzia\u0142 w Og\u00f3lnopolskim Programie \u201eUczymy dzieci programowa\u0107\u201d, Zaj\u0119cia dodatkowe realizowane w grupie to: j\u0119zyk angielski, zaj\u0119cia umuzykalniaj\u0105ce. Wiewi\u00f3rki bardzo lubi\u0105 zabawy konstrukcyjne, gry i uk\u0142adanki stolikowe, a przede wszystkim zabawy ruchowe na \u015bwie\u017cym powietrzu.[\/vc_column_text][\/vc_column][vc_column width=&#8221;1\/2&#8243; css=&#8221;.vc_custom_1607275251720{padding-top: 50px !important;padding-right: 10% !important;padding-bottom: 50px !important;padding-left: 10% !important;}&#8221;][vc_single_image image=&#8221;1002&#8243; img_size=&#8221;full&#8221; alignment=&#8221;center&#8221;][\/vc_column][\/vc_row][vc_row full_width=&#8221;stretch_row_content_no_spaces&#8221; el_class=&#8221;kkRow&#8221;][vc_column][vc_single_image image=&#8221;222&#8243; img_size=&#8221;full&#8221; alignment=&#8221;center&#8221;][\/vc_column][\/vc_row]\n<\/section>","protected":false},"excerpt":{"rendered":"<p>[vc_row full_width=&#8221;stretch_row_content_no_spaces&#8221;][vc_column][vc_single_image image=&#8221;128&#8243; img_size=&#8221;full&#8221; alignment=&#8221;center&#8221;][\/vc_column][\/vc_row][vc_row equal_height=&#8221;yes&#8221; content_placement=&#8221;middle&#8221;][vc_column width=&#8221;1\/2&#8243; css=&#8221;.vc_custom_1607274169052{padding-top: 50px !important;padding-right: 10% !important;padding-bottom: 50px !important;padding-left: 10% !important;}&#8221;][vc_column_text] WIEWI\u00d3RKI [\/vc_column_text][vc_column_text]\u201eWiewi\u00f3rki\u201d to grupa integracyjna 4,-5 latk\u00f3w. Grupa pracuje w oparciu o program wychowania przedszkolnego \u201eZbieram, badam, poszukuje\u201d, autorstwa Doroty Dziamskiej i Marzeny Buchnat. Jest to grupa le\u015bna, kt\u00f3ra du\u017cy nacisk k\u0142adzie na uwra\u017cliwienie na pi\u0119kno przyrody. W grupie realizowane s\u0105 projekty: \u201eZ &#8230; <\/p>\n<div><a href=\"https:\/\/zsp14gliwice.pl\/pm40\/wiewiorki\/\" class=\"more-link\">Read More<\/a><\/div>\n","protected":false},"author":1,"featured_media":0,"parent":0,"menu_order":0,"comment_status":"closed","ping_status":"closed","template":"template-blank-4.php","meta":{"footnotes":""},"_links":{"self":[{"href":"https:\/\/zsp14gliwice.pl\/pm40\/wp-json\/wp\/v2\/pages\/1013"}],"collection":[{"href":"https:\/\/zsp14gliwice.pl\/pm40\/wp-json\/wp\/v2\/pages"}],"about":[{"href":"https:\/\/zsp14gliwice.pl\/pm40\/wp-json\/wp\/v2\/types\/page"}],"author":[{"embeddable":true,"href":"https:\/\/zsp14gliwice.pl\/pm40\/wp-json\/wp\/v2\/users\/1"}],"replies":[{"embeddable":true,"href":"https:\/\/zsp14gliwice.pl\/pm40\/wp-json\/wp\/v2\/comments?post=1013"}],"version-history":[{"count":1,"href":"https:\/\/zsp14gliwice.pl\/pm40\/wp-json\/wp\/v2\/pages\/1013\/revisions"}],"predecessor-version":[{"id":1014,"href":"https:\/\/zsp14gliwice.pl\/pm40\/wp-json\/wp\/v2\/pages\/1013\/revisions\/1014"}],"wp:attachment":[{"href":"https:\/\/zsp14gliwice.pl\/pm40\/wp-json\/wp\/v2\/media?parent=1013"}],"curies":[{"name":"wp","href":"https:\/\/api.w.org\/{rel}","templated":true}]}}

Wiewiórki

<section class="wpb-content-wrapper">[vc_row full_width=&#8221;stretch_row_content_no_spaces&#8221;][vc_column][vc_single_image image=&#8221;128&#8243; img_size=&#8221;full&#8221; alignment=&#8221;center&#8221;][/vc_column][/vc_row][vc_row equal_height=&#8221;yes&#8221; content_placement=&#8221;middle&#8221;][vc_column width=&#8221;1/2&#8243; css=&#8221;.vc_custom_1607274169052{padding-top: 50px !important;padding-right: 10% !important;padding-bottom: 50px !important;padding-left: 10% !important;}&#8221;][vc_column_text]
<h1 style="text-align: center;">WIEWIÓRKI</h1>
[/vc_column_text][vc_column_text]„Wiewiórki” to grupa integracyjna 4,-5 latków. Grupa pracuje w oparciu o program wychowania przedszkolnego „Zbieram, badam, poszukuje”, autorstwa Doroty Dziamskiej i Marzeny Buchnat. Jest to grupa leśna, która duży nacisk kładzie na uwrażliwienie na piękno przyrody. W grupie realizowane są projekty: „Z lasem za pan brat”, „Projektujemy sobie edukację”, „Przedszkolaki z pasją”. Realizowana jest także innowacja pedagogiczna pt. „Zajęcia ogólnorozwojowe z elementami sztuk i sportów walki”. Dzieci biorą udział w Ogólnopolskim Programie „Uczymy dzieci programować”, Zajęcia dodatkowe realizowane w grupie to: język angielski, zajęcia umuzykalniające. Wiewiórki bardzo lubią zabawy konstrukcyjne, gry i układanki stolikowe, a przede wszystkim zabawy ruchowe na świeżym powietrzu.[/vc_column_text][/vc_column][vc_column width=&#8221;1/2&#8243; css=&#8221;.vc_custom_1607275251720{padding-top: 50px !important;padding-right: 10% !important;padding-bottom: 50px !important;padding-left: 10% !important;}&#8221;][vc_single_image image=&#8221;1002&#8243; img_size=&#8221;full&#8221; alignment=&#8221;center&#8221;][/vc_column][/vc_row][vc_row full_width=&#8221;stretch_row_content_no_spaces&#8221; el_class=&#8221;kkRow&#8221;][vc_column][vc_single_image image=&#8221;222&#8243; img_size=&#8221;full&#8221; alignment=&#8221;center&#8221;][/vc_column][/vc_row]
</section>

<p>[vc_row full_width=&#8221;stretch_row_content_no_spaces&#8221;][vc_column][vc_single_image image=&#8221;128&#8243; img_size=&#8221;full&#8221; alignment=&#8221;center&#8221;][/vc_column][/vc_row][vc_row equal_height=&#8221;yes&#8221; content_placement=&#8221;middle&#8221;][vc_column width=&#8221;1/2&#8243; css=&#8221;.vc_custom_1607274169052{padding-top: 50px !important;padding-right: 10% !important;padding-bottom: 50px !important;padding-left: 10% !important;}&#8221;][vc_column_text] WIEWIÓRKI [/vc_column_text][vc_column_text]„Wiewiórki” to grupa integracyjna 4,-5 latków. Grupa pracuje w oparciu o program wychowania przedszkolnego „Zbieram, badam, poszukuje”, autorstwa Doroty Dziamskiej i Marzeny Buchnat. Jest to grupa leśna, która duży nacisk kładzie na uwrażliwienie na piękno przyrody. W grupie realizowane są projekty: „Z &#8230; </p>
<div><a href="https://zsp14gliwice.pl/pm40/wiewiorki/" class="more-link">Read More</a></div>
