{"id":553,"date":"2020-12-29T17:42:20","date_gmt":"2020-12-29T16:42:20","guid":{"rendered":"http:\/\/zsp14gliwice.pl\/pm4\/?page_id=553"},"modified":"2026-03-26T18:27:23","modified_gmt":"2026-03-26T17:27:23","slug":"kadra","status":"publish","type":"page","link":"https:\/\/zsp14gliwice.pl\/pm4\/kadra\/","title":{"rendered":"Kadra"},"content":{"rendered":"<section class=\"wpb-content-wrapper\">[vc_row full_width=&#8221;stretch_row_content_no_spaces&#8221; content_placement=&#8221;middle&#8221; el_class=&#8221;kk-header-banner&#8221;][vc_column][vc_column_text]\n<h1 style=\"text-align: center; margin: 0;\">Kadra<\/h1>\n[\/vc_column_text][\/vc_column][\/vc_row][vc_row equal_height=&#8221;yes&#8221; content_placement=&#8221;middle&#8221; el_class=&#8221;kkRow&#8221; css=&#8221;.vc_custom_1603960233775{padding-right: 10% !important;padding-left: 10% !important;}&#8221;][vc_column width=&#8221;1\/2&#8243;][vc_column_text]\n<h2 style=\"text-align: center;\">mgr Magdalena Paciorek<\/h2>\n<p>Dyrektor, nauczyciel dyplomowany, absolwentka Uniwersytetu \u015al\u0105skiego,\u00a0 kierunek- H<span id=\"panel-1131-outerCt\" role=\"presentation\">istoria. Informatyka &#8211; studia podyplomowe, Akademia Ekonomiczna w Katowicach; Zarz\u0105dzanie w O\u015bwiacie &#8211; studia podyplomowe, \u015aWSZ w Katowicach<\/span><\/p>\n<p>&nbsp;<\/p>\n<p>&nbsp;<\/p>\n<p>&nbsp;<\/p>\n[\/vc_column_text][\/vc_column][vc_column width=&#8221;1\/2&#8243;][vc_column_text]\n<h2 style=\"text-align: center;\">mgr in\u017c. Mariola Dumin-Kowal<\/h2>\n<p>Wicedyrektor, nauczyciel dyplomowany, absolwentka Politechniki \u015al\u0105skiej w Gliwicach na kierunku Chemia. Uko\u0144czone: studia podyplomowe na Politechnice \u015al\u0105skiej w Gliwicach \u2013 kierunek &#8211; Nauczanie matematyki w szko\u0142ach, studia podyplomowe na Politechnice \u015al\u0105skiej w Gliwicach &#8211; kierunek &#8211; Zarz\u0105dzanie plac\u00f3wk\u0105 o\u015bwiatow\u0105 i przedsi\u0119biorczo\u015b\u0107, kurs kwalifikacyjny na Politechnice \u015al\u0105skiej \u2013 Terapia pedagogiczna, Studium &#8211; kwalifikacje pedagogiczne -WOM Katowice.[\/vc_column_text][\/vc_column][\/vc_row][vc_row equal_height=&#8221;yes&#8221; content_placement=&#8221;middle&#8221; el_class=&#8221;kkRow&#8221; css=&#8221;.vc_custom_1603960233775{padding-right: 10% !important;padding-left: 10% !important;}&#8221;][vc_column width=&#8221;1\/2&#8243;][vc_column_text]\n<h2 style=\"text-align: center;\">mgr El\u017cbieta Nowicka<\/h2>\n<p>Nauczyciel dyplomowany, absolwentka Papieskiego Fakultetu Teologicznego we Wroc\u0142awiu \u2013 kierunek \u2013 Teologia[\/vc_column_text][\/vc_column][vc_column][\/vc_column][vc_column][\/vc_column][\/vc_row][vc_row css=&#8221;.vc_custom_1608194543873{padding-top: 35px !important;}&#8221;][vc_column][\/vc_column][vc_column][\/vc_column][vc_column][\/vc_column][vc_column][\/vc_column][vc_column][\/vc_column][\/vc_row][vc_row equal_height=&#8221;yes&#8221; content_placement=&#8221;middle&#8221; el_class=&#8221;kkRow&#8221; css=&#8221;.vc_custom_1603960233775{padding-right: 10% !important;padding-left: 10% !important;}&#8221;][vc_column width=&#8221;1\/2&#8243;][\/vc_column][vc_column width=&#8221;1\/2&#8243;][vc_column_text]\n<h2 style=\"text-align: center;\">mgr Ewa Le\u015bniak<\/h2>\n<p>Nauczyciel dyplomowany , absolwentka Akademii Wychowania Fizycznego w Katowicach na kierunku fizjoterapia oraz przygotowanie pedagogiczne. Uko\u0144czy\u0142a kurs w zakresie korekcji wad postawy oraz terapii r\u0119ki I i II stopnia. Uko\u0144czy\u0142a studia podyplomowe: Wychowanie fizyczne; Edukacja i rehabilitacja os\u00f3b z niepe\u0142nosprawno\u015bci\u0105 intelektualn\u0105 (oligofrenopedagogika);Terapia integracji sensorycznej; Inne szkolenia z zakresu pracy z dzie\u0107mi.[\/vc_column_text][\/vc_column][vc_column][\/vc_column][vc_column][\/vc_column][vc_column][\/vc_column][vc_column][\/vc_column][\/vc_row][vc_row css=&#8221;.vc_custom_1608194543873{padding-top: 35px !important;}&#8221;][vc_column][vc_zigzag color=&#8221;pink&#8221; el_width=&#8221;60&#8243;][\/vc_column][\/vc_row][vc_row equal_height=&#8221;yes&#8221; content_placement=&#8221;middle&#8221; el_class=&#8221;kkRow&#8221; css=&#8221;.vc_custom_1603960233775{padding-right: 10% !important;padding-left: 10% !important;}&#8221;][vc_column width=&#8221;1\/2&#8243;][vc_column_text]\n<h2 style=\"text-align: center;\">mgr Klaudia Szymczak<\/h2>\n<p>nauczyciel dyplomowany, absolwentka <span id=\"panel-1131-outerCt\" role=\"presentation\">Uniwersytetu\u00a0 \u015al\u0105skiego, kierunek &#8211;\u00a0 Logopedia, ro 2013r., Wy\u017csza Szko\u0142a im. B. Jo\u0144skiego: Kwalifikacyjne Podyplomowe Studia Pedagogiczne 2014r.<\/span>[\/vc_column_text][\/vc_column][vc_column width=&#8221;1\/2&#8243;][vc_column_text]\n<h2 style=\"text-align: center;\">mgr Anna J\u0119dzierowska<\/h2>\n<p>Nauczyciel kontraktowy , absolwentka <span id=\"panel-1131-outerCt\" role=\"presentation\">U\u015a:zintegrowana edukacja wczesnoszkolna i wychowanie przedszkolne; U\u015a-rewalidacja: UP w Krakowie:oligofrenopedagogika:WSB w Poznaniu:j\u0119zyk angielski w edukacji przedszkolnej i wczesnoszkolnej<\/span><\/p>\n<p>&nbsp;<\/p>\n<p>&nbsp;<\/p>\n[\/vc_column_text][\/vc_column][\/vc_row][vc_row equal_height=&#8221;yes&#8221; content_placement=&#8221;middle&#8221; el_class=&#8221;kkRow&#8221; css=&#8221;.vc_custom_1603960233775{padding-right: 10% !important;padding-left: 10% !important;}&#8221;][vc_column width=&#8221;1\/2&#8243;][vc_column_text]\n<h2 style=\"text-align: center;\">mgr Ma\u0142gorzata Strojek<\/h2>\n<p><span id=\"panel-1131-outerCt\" role=\"presentation\">nauczyciel kontraktowy, absolwentka U\u015a rok2011, kierunek &#8211; Pedagogika\u00a0 Zintegrowana edukacja wczesnoszkolna i edukacja informatyczna.<\/span><\/p>\n[\/vc_column_text][\/vc_column][vc_column width=&#8221;1\/2&#8243;][vc_column_text]\n<h2 style=\"text-align: center;\">mgr Ewa Zawadzka<\/h2>\n<p>Nauczyciel dyplomowany, absolwentka Uniwersytetu \u015al\u0105skiego w Katowicach specjalno\u015b\u0107 Edukacja wczesnoszkolna i wychowanie przedszkolne. Uko\u0144czy\u0142a Gliwick\u0105 Wy\u017csz\u0105 Szko\u0142\u0119 Przedsi\u0119biorczo\u015bci na kierunku Zintegrowana edukacja wczesnoszkolna i wychowanie przedszkolne oraz studia podyplomowe z zakresu terapii pedagogicznej. Specjalista symultaniczno- sekwencyjnej nauki czytania. Terapeuta r\u0119ki I i II stopnia.[\/vc_column_text][\/vc_column][\/vc_row][vc_row css=&#8221;.vc_custom_1608194543873{padding-top: 35px !important;}&#8221;][vc_column][vc_zigzag color=&#8221;pink&#8221; el_width=&#8221;60&#8243;][\/vc_column][\/vc_row][vc_row equal_height=&#8221;yes&#8221; content_placement=&#8221;middle&#8221; el_class=&#8221;kkRow&#8221; css=&#8221;.vc_custom_1603960233775{padding-right: 10% !important;padding-left: 10% !important;}&#8221;][vc_column width=&#8221;1\/2&#8243;][\/vc_column][vc_column width=&#8221;1\/2&#8243;][vc_column_text]\n<h2 style=\"text-align: center;\">mgr Joanna Kasperczyk<\/h2>\n<p>Nauczyciel pocz\u0105tkuj\u0105cy, absolwentka Politechniki \u015al\u0105skiej, kierunek &#8211; edukacja wczesnoszkolna[\/vc_column_text][\/vc_column][\/vc_row][vc_row css=&#8221;.vc_custom_1608194543873{padding-top: 35px !important;}&#8221;][vc_column][vc_zigzag color=&#8221;pink&#8221; el_width=&#8221;60&#8243;][\/vc_column][\/vc_row][vc_row equal_height=&#8221;yes&#8221; content_placement=&#8221;middle&#8221; el_class=&#8221;kkRow&#8221; css=&#8221;.vc_custom_1603960233775{padding-right: 10% !important;padding-left: 10% !important;}&#8221;][vc_column width=&#8221;1\/2&#8243;][\/vc_column][vc_column width=&#8221;1\/2&#8243;][\/vc_column][\/vc_row][vc_row css=&#8221;.vc_custom_1608194543873{padding-top: 35px !important;}&#8221;][vc_column][vc_zigzag color=&#8221;pink&#8221; el_width=&#8221;60&#8243;][\/vc_column][\/vc_row][vc_row equal_height=&#8221;yes&#8221; content_placement=&#8221;middle&#8221; el_class=&#8221;kkRow&#8221; css=&#8221;.vc_custom_1603960233775{padding-right: 10% !important;padding-left: 10% !important;}&#8221;][vc_column width=&#8221;1\/2&#8243;][vc_column_text]\n<h2 style=\"text-align: center;\">mgr Patrycja Bill<\/h2>\n<p>Nauczyciel\u00a0 mianowany , absolwentka Gliwickiej Wy\u017cszej Szko\u0142y Przedsi\u0119biorczo\u015bci \u2013 kierunek &#8211; Zintegrowana edukacja wczesnoszkolna z nauczaniem pocz\u0105tkowym j\u0119zyka angielskiego., rok 2015. <span id=\"panel-1131-outerCt\" role=\"presentation\">Studia podyplomowe &#8211;\u00a0 Wczesne wspomaganie rozwoju dziecka i wsparcia rodziny, U\u015a 2024<\/span>[\/vc_column_text][\/vc_column][vc_column width=&#8221;1\/2&#8243;][vc_column_text]\n<h2 style=\"text-align: center;\">mgr Iryna Chyzhova<\/h2>\n<p>Psycholog<br \/>\nAbsolwentka Pa\u0144stwowego Uniwersytetu Pedagogicznego \u2013 specjalno\u015b\u0107 \u201eNauczanie pocz\u0105tkowe\u201d, m\u0142odszy specjalista<br \/>\nAbsolwentka: Uniwersytetu Pa\u0144stwowego (KGPU) kierunek \u2013 Psychologia praktyczna, Uniwersytetu Pa\u0144stwowego (GPU) Melitopol kierunek \u2013 Psychologia praktyczna. Uko\u0144czy\u0142a Wy\u017csz\u0105 Szko\u0142\u0119 Bezpiecze\u0144stwa\u00a0 kierunek \u2013 pedagogika opieku\u0144czo-wychowawcza z socjoterapi\u0105.<br \/>\nStudentka drugiego roku studi\u00f3w Dolno\u015bl\u0105skiego\u00a0 Uniwersytetu we Wroc\u0142awiu, pedagogika przedszkolna i wczesnoszkolna[\/vc_column_text][\/vc_column][\/vc_row][vc_row css=&#8221;.vc_custom_1608194543873{padding-top: 35px !important;}&#8221;][vc_column][vc_zigzag color=&#8221;pink&#8221; el_width=&#8221;60&#8243;][\/vc_column][vc_column][\/vc_column][vc_column][\/vc_column][vc_column][\/vc_column][\/vc_row][vc_row equal_height=&#8221;yes&#8221; content_placement=&#8221;middle&#8221; el_class=&#8221;kkRow&#8221; css=&#8221;.vc_custom_1603960233775{padding-right: 10% !important;padding-left: 10% !important;}&#8221;][vc_column width=&#8221;1\/2&#8243;][vc_column_text]\n<h2 style=\"text-align: center;\">mgr Ma\u0142gorzata P\u0119czalska<\/h2>\n<p>nauczyciel mianowany, absolwentka Uniwersytetu Opolskiego, rok 2007 , kierunek &#8211; <span id=\"panel-1131-outerCt\" role=\"presentation\">teologia- katechetyczno-pastoralna, Filozofia, Etyka. Uko\u0144czy\u0142a GWSP- Zintegrowana Edukacja Wczenoszkolna i Wychowanie Przedszkolne, rok 2017. <\/span>Uniwersytet \u015al\u0105ski- Zarz\u0105dzanie Zasobami &#8211; Ludzkimi[\/vc_column_text][\/vc_column][vc_column width=&#8221;1\/2&#8243;][vc_column_text]\n<h2 style=\"text-align: center;\">mgr Angelika Szczepaniak<\/h2>\n<p>Nauczyciel mianowany, absolwentka <span id=\"panel-1131-outerCt\" role=\"presentation\">GWSP rok 2011, kierunek &#8211; Pedagogika zintegrowana edukacja wczesnoszkolna z nauczaniem j\u0119zyka angielskiego<\/span> .[\/vc_column_text][\/vc_column][vc_column][\/vc_column][vc_column][\/vc_column][\/vc_row][vc_row css=&#8221;.vc_custom_1608194543873{padding-top: 35px !important;}&#8221;][vc_column][vc_zigzag color=&#8221;pink&#8221; el_width=&#8221;60&#8243;][\/vc_column][\/vc_row]\n<\/section>","protected":false},"excerpt":{"rendered":"<p>[vc_row full_width=&#8221;stretch_row_content_no_spaces&#8221; content_placement=&#8221;middle&#8221; el_class=&#8221;kk-header-banner&#8221;][vc_column][vc_column_text] Kadra [\/vc_column_text][\/vc_column][\/vc_row][vc_row equal_height=&#8221;yes&#8221; content_placement=&#8221;middle&#8221; el_class=&#8221;kkRow&#8221; css=&#8221;.vc_custom_1603960233775{padding-right: 10% !important;padding-left: 10% !important;}&#8221;][vc_column width=&#8221;1\/2&#8243;][vc_column_text] mgr Magdalena Paciorek Dyrektor, nauczyciel dyplomowany, absolwentka Uniwersytetu \u015al\u0105skiego,\u00a0 kierunek- Historia. Informatyka &#8211; studia podyplomowe, Akademia Ekonomiczna w Katowicach; Zarz\u0105dzanie w O\u015bwiacie &#8211; studia podyplomowe, \u015aWSZ w Katowicach &nbsp; &nbsp; &nbsp; [\/vc_column_text][\/vc_column][vc_column width=&#8221;1\/2&#8243;][vc_column_text] mgr in\u017c. Mariola Dumin-Kowal Wicedyrektor, nauczyciel dyplomowany, absolwentka Politechniki \u015al\u0105skiej w Gliwicach &#8230; <\/p>\n<div><a href=\"https:\/\/zsp14gliwice.pl\/pm4\/kadra\/\" class=\"more-link\">Read More<\/a><\/div>\n","protected":false},"author":1,"featured_media":0,"parent":0,"menu_order":0,"comment_status":"closed","ping_status":"closed","template":"template-blank-4.php","meta":{"footnotes":""},"_links":{"self":[{"href":"https:\/\/zsp14gliwice.pl\/pm4\/wp-json\/wp\/v2\/pages\/553"}],"collection":[{"href":"https:\/\/zsp14gliwice.pl\/pm4\/wp-json\/wp\/v2\/pages"}],"about":[{"href":"https:\/\/zsp14gliwice.pl\/pm4\/wp-json\/wp\/v2\/types\/page"}],"author":[{"embeddable":true,"href":"https:\/\/zsp14gliwice.pl\/pm4\/wp-json\/wp\/v2\/users\/1"}],"replies":[{"embeddable":true,"href":"https:\/\/zsp14gliwice.pl\/pm4\/wp-json\/wp\/v2\/comments?post=553"}],"version-history":[{"count":14,"href":"https:\/\/zsp14gliwice.pl\/pm4\/wp-json\/wp\/v2\/pages\/553\/revisions"}],"predecessor-version":[{"id":2179,"href":"https:\/\/zsp14gliwice.pl\/pm4\/wp-json\/wp\/v2\/pages\/553\/revisions\/2179"}],"wp:attachment":[{"href":"https:\/\/zsp14gliwice.pl\/pm4\/wp-json\/wp\/v2\/media?parent=553"}],"curies":[{"name":"wp","href":"https:\/\/api.w.org\/{rel}","templated":true}]}}