{"id":415,"date":"2020-12-06T17:57:48","date_gmt":"2020-12-06T16:57:48","guid":{"rendered":"http:\/\/zsp14gliwice.pl\/pm4\/?page_id=415"},"modified":"2020-12-13T20:35:31","modified_gmt":"2020-12-13T19:35:31","slug":"smerfy","status":"publish","type":"page","link":"https:\/\/zsp14gliwice.pl\/pm4\/smerfy\/","title":{"rendered":"SMERFY"},"content":{"rendered":"<section class=\"wpb-content-wrapper\">[vc_row full_width=&#8221;stretch_row_content_no_spaces&#8221;][vc_column][vc_single_image image=&#8221;128&#8243; img_size=&#8221;full&#8221; alignment=&#8221;center&#8221;][\/vc_column][\/vc_row][vc_row equal_height=&#8221;yes&#8221; content_placement=&#8221;middle&#8221;][vc_column width=&#8221;1\/2&#8243; css=&#8221;.vc_custom_1607274169052{padding-top: 50px !important;padding-right: 10% !important;padding-bottom: 50px !important;padding-left: 10% !important;}&#8221;][vc_column_text]\n<h1 style=\"text-align: center;\">SMERFY<\/h1>\n[\/vc_column_text][vc_column_text]Smerfy to grupa radosnych 3-4 latko\u0301w. W tym oddziale realizowany jest program nauczania Kolorowy Start autorstwa Wies\u0142awy Z\u0307aby &#8211; Z\u0307abin\u0301skiej. Grupa bierze udzia\u0142 w nast\u0119puj\u0105cych projektach : \u201eCzys\u0301ciochowe Przedszkole\u201d, \u201eGrunt to rodzinka\u201d oraz \u201eKreatywny przedszkolak &#8211; kreatywne dziecko\u201d. Grupa Smerfy uwielbia uczyc\u0301 sie\u0328 piosenek oraz tworzyc\u0301 kreatywne budowle z klocko\u0301w.[\/vc_column_text][\/vc_column][vc_column width=&#8221;1\/2&#8243; css=&#8221;.vc_custom_1607275251720{padding-top: 50px !important;padding-right: 10% !important;padding-bottom: 50px !important;padding-left: 10% !important;}&#8221;][vc_single_image image=&#8221;427&#8243; img_size=&#8221;large&#8221; alignment=&#8221;center&#8221;][\/vc_column][\/vc_row][vc_row full_width=&#8221;stretch_row_content_no_spaces&#8221; css=&#8221;.vc_custom_1607887996581{padding-right: 25px !important;padding-left: 25px !important;}&#8221;][vc_column][vc_column_text css=&#8221;.vc_custom_1607888065148{padding-bottom: 35px !important;}&#8221;]\n<h1 style=\"text-align: center;\">Z \u017bYCIA GRUPY \ud83d\ude42<\/h1>\n[\/vc_column_text][vc_masonry_media_grid style=&#8221;lazy&#8221; items_per_page=&#8221;12&#8243; gap=&#8221;25&#8243; item=&#8221;487&#8243; initial_loading_animation=&#8221;fadeIn&#8221; grid_id=&#8221;vc_gid:1607888068240-eec2a964-9dea-9&#8243; include=&#8221;475,474,493&#8243;][\/vc_column][\/vc_row][vc_row full_width=&#8221;stretch_row_content_no_spaces&#8221; el_class=&#8221;kkRow&#8221;][vc_column][vc_single_image image=&#8221;222&#8243; img_size=&#8221;full&#8221; alignment=&#8221;center&#8221;][\/vc_column][\/vc_row]\n<\/section>","protected":false},"excerpt":{"rendered":"<p>[vc_row full_width=&#8221;stretch_row_content_no_spaces&#8221;][vc_column][vc_single_image image=&#8221;128&#8243; img_size=&#8221;full&#8221; alignment=&#8221;center&#8221;][\/vc_column][\/vc_row][vc_row equal_height=&#8221;yes&#8221; content_placement=&#8221;middle&#8221;][vc_column width=&#8221;1\/2&#8243; css=&#8221;.vc_custom_1607274169052{padding-top: 50px !important;padding-right: 10% !important;padding-bottom: 50px !important;padding-left: 10% !important;}&#8221;][vc_column_text] SMERFY [\/vc_column_text][vc_column_text]Smerfy to grupa radosnych 3-4 latko\u0301w. W tym oddziale realizowany jest program nauczania Kolorowy Start autorstwa Wies\u0142awy Z\u0307aby &#8211; Z\u0307abin\u0301skiej. Grupa bierze udzia\u0142 w nast\u0119puj\u0105cych projektach : \u201eCzys\u0301ciochowe Przedszkole\u201d, \u201eGrunt to rodzinka\u201d oraz \u201eKreatywny przedszkolak &#8211; kreatywne dziecko\u201d. Grupa Smerfy uwielbia uczyc\u0301 &#8230; <\/p>\n<div><a href=\"https:\/\/zsp14gliwice.pl\/pm4\/smerfy\/\" class=\"more-link\">Read More<\/a><\/div>\n","protected":false},"author":1,"featured_media":0,"parent":0,"menu_order":0,"comment_status":"closed","ping_status":"closed","template":"template-blank-4.php","meta":{"footnotes":""},"_links":{"self":[{"href":"https:\/\/zsp14gliwice.pl\/pm4\/wp-json\/wp\/v2\/pages\/415"}],"collection":[{"href":"https:\/\/zsp14gliwice.pl\/pm4\/wp-json\/wp\/v2\/pages"}],"about":[{"href":"https:\/\/zsp14gliwice.pl\/pm4\/wp-json\/wp\/v2\/types\/page"}],"author":[{"embeddable":true,"href":"https:\/\/zsp14gliwice.pl\/pm4\/wp-json\/wp\/v2\/users\/1"}],"replies":[{"embeddable":true,"href":"https:\/\/zsp14gliwice.pl\/pm4\/wp-json\/wp\/v2\/comments?post=415"}],"version-history":[{"count":25,"href":"https:\/\/zsp14gliwice.pl\/pm4\/wp-json\/wp\/v2\/pages\/415\/revisions"}],"predecessor-version":[{"id":494,"href":"https:\/\/zsp14gliwice.pl\/pm4\/wp-json\/wp\/v2\/pages\/415\/revisions\/494"}],"wp:attachment":[{"href":"https:\/\/zsp14gliwice.pl\/pm4\/wp-json\/wp\/v2\/media?parent=415"}],"curies":[{"name":"wp","href":"https:\/\/api.w.org\/{rel}","templated":true}]}}